 378. Is c(5) a prime number?
True
Let h = 10112 - 4732. Is h + (3 - 2 - -2) a composite number?
True
Let t = -38467 - -84140. Is t a prime number?
True
Let n(p) be the first derivative of 13*p**2 + 11*p - 49. Is n(16) a composite number?
True
Let o(i) = -2*i**3 - 17*i**2 + 12*i + 23. Let k be o(-9). Let c(g) = -68*g**3 - 3*g**2 + 12*g + 15. Is c(k) prime?
True
Let l(o) be the second derivative of -187*o**5/20 - o**4/6 + o**2 + 2*o + 15. Suppose -12*h = -17*h - 5. Is l(h) prime?
False
Let y(r) = 2141*r**2 + 56*r - 195. Is y(4) a composite number?
True
Let o be 74 + 1 + (-4)/((-36)/(-27)). Is (-120)/o - 14632/(-6) prime?
True
Let g(s) = 107*s**2 - 4*s. Let b be g(-4). Let f = -183 - -188. Suppose l - f*d = 853, l - d = 3*l - b. Is l prime?
True
Let n(z) = 6*z + 9. Let b be n(3). Let s be (-3)/b - 220/(-36). Suppose 9*x - 357 = s*x. Is x a prime number?
False
Suppose 2*m - 35058 = -2*u, -16*m + 17527 = -15*m - u. Suppose -3*v - 4*w = -13159, 6*v - 2*v + w = m. Is v a composite number?
True
Suppose 14*v = 112 - 0. Suppose 11*q = 7*q + 20. Suppose 4741 = q*d + b, 0 = 4*b + 24 - v. Is d prime?
False
Suppose -35*g + 34 = -31*g - d, -3*g + 25 = -d. Suppose -2*w - 10 = 0, -3*t + 8*w - g*w = -42904. Is t composite?
False
Is (-411545710)/404*4/(-10) a composite number?
False
Let t(i) = 5101*i + i**2 - 5101*i + 1381 - i**3. Suppose -3*v - 5*a = 15, 2*v + 4*a = -2*v - 12. Is t(v) a prime number?
True
Let i = -39292 + 69923. Is i a prime number?
True
Suppose 260*q - 8740422 + 28082 = 0. Is q composite?
True
Suppose -5*x + 2*s = 1920 + 4190, 2*s = -10. Let p = x + 2242. Is p a composite number?
True
Let x(d) = -d**2 - 13*d + 21. Let l be x(-17). Is 13264/18 + l/(-423) prime?
False
Suppose 171*b - 169*b - 6464 = 0. Suppose 0 = w - 2*r - 649, 5*w = 3*r - 6*r + b. Is w a prime number?
True
Let f be 2/(3 + -2)*2 - 4. Suppose 0 = -0*d + d - 3*i - 1769, d + i - 1761 = f. Let h = d - -390. Is h a composite number?
False
Suppose -9*a - 8814 = 4*a. Let p = a - -6305. Is p prime?
False
Let o(z) = -2*z + 17. Let u be o(10). Let m be (-16)/104 + (-544)/13. Is (-15148)/m*u/(-2) a composite number?
False
Suppose -8*k + 5*k - 9 = 0, -2*s - k = -3. Suppose 9*q - 27498 = s*q. Is q a prime number?
True
Is (-120991)/(-1) + 5 + (-12 + 15)/3 a prime number?
True
Let k(o) = -135*o - 29. Let y be k(-5). Suppose 2*s = -4*x - y, -5*x - 154 = 4*s + 1138. Let p = 780 + s. Is p a prime number?
True
Suppose 5*n = 4*s + 3677657, -n + 551*s = 550*s - 735532. Is n prime?
True
Let a = 95 - 40. Suppose a*n - 46*n = 66195. Is n prime?
False
Suppose -4*d = o + 5 - 23, -5*o - 4*d + 42 = 0. Let z(s) = 53*s + 17. Is z(o) a composite number?
True
Suppose 289*f + 21148792 = 294*f - 3*c, -4*f + 2*c + 16919034 = 0. Is f a composite number?
False
Suppose 10 = -2*y, 4*m = -y - 130307 - 578722. Let u be (m/48 - 2/12)/(-1). Let g = u - 1592. Is g prime?
False
Let r = -56 + 55. Let n(k) = -k**2 + k. Let u(l) = -11*l**2 + 5. Let y(v) = r*u(v) - n(v). Is y(-4) prime?
True
Let z = -341 + 342. Is -3 + z - (-2 + -462 + -7) a prime number?
False
Let j(k) = -470*k + 35. Let y(c) = -c. Let g(t) = j(t) - 5*y(t). Let x be g(-25). Suppose -n + 4661 = n - q, -x = -5*n + q. Is n composite?
False
Let p = -6565 - -10932. Is p prime?
False
Let y = -401 + 404. Suppose 0 = -y*b + 2*z + 511 + 660, -3*b + 1163 = -4*z. Is b a prime number?
False
Suppose 5*n + 6 = -2*s + 142, 24 = n + 2*s. Let b be (n/5 + -2)/((-6)/(-15)). Is (((-36)/(-8))/b)/((-1)/(-822)) prime?
False
Let b = 110563 + -75980. Is b a composite number?
False
Suppose -1944*m + 1922*m + 6709348 - 1283840 = 0. Is m prime?
False
Let x(u) = u**3 + 59*u**2 - 31*u + 146. Is x(-45) a composite number?
True
Let f(n) = 152*n + 9. Let d be f(9). Suppose 555 = i - d. Suppose -5*r + 1301 - 3736 = -5*g, -4*g + i = 4*r. Is g a composite number?
True
Let k(s) = -2*s**2 - 18*s + 2. Let l be k(-9). Suppose -3*h - 2*h = -3*u - 13, l*u = 3*h - 8. Let o(i) = -193*i - 2. Is o(u) composite?
False
Let v be -49*(-4 - (0 + -6)). Is -15*((-14)/v + 13012/(-42)) prime?
False
Suppose -3*u + 85251 = 5*m, 5*m - 5*u = 67184 + 18051. Is m prime?
False
Let h be -127 + 95 + (1 - (1 - -4)). Is ((-13437)/h - 8)*4 composite?
True
Let z(o) be the second derivative of 80*o**3/3 - 341*o**2/2 + 6*o + 1. Is z(27) a composite number?
True
Let h(n) = n**3 + 81*n**2 - 227*n - 11. Is h(-60) composite?
False
Let m = -40001 + 257902. Is m a composite number?
False
Let d = 3072 + -497. Let g = 4302 - d. Is g a prime number?
False
Let g(d) = 7342*d**2 + 100*d + 198. Is g(-2) prime?
False
Let n = -95 + 43. Let z = -47 - n. Suppose z*t = 4*p - 367 + 26, 4*t - 101 = -p. Is p a prime number?
True
Suppose 0 = -3*g + g + 9082. Let y = -7063 + g. Is (38 - 40) + y/(-1 - 1) prime?
True
Let i be -6 + 42459/6*2. Suppose -134*a = -141*a + i. Is a prime?
False
Let t(h) be the first derivative of -29 - 85/2*h**2 - 34*h. Is t(-17) a composite number?
True
Suppose 554*t - 529*t - 37070050 = 0. Is t composite?
True
Let p = 504 - 461. Suppose 3*d = 2*l + p + 284, -4*l = 4*d - 436. Is d a prime number?
True
Let k(w) = w**3 - 5*w**2 - 3*w. Let b be k(4). Suppose 0 = -2*v - 11 + 1. Is (-14)/b - v/2 prime?
True
Let i(z) = z**3 - 8*z**2 + 22. Let n be (80/15)/(4/(12/1)). Suppose -2*o + n*o = 126. Is i(o) prime?
True
Suppose 206*z - 297*z = -3837379. Is z composite?
False
Let m(r) be the third derivative of 23*r**5/30 + r**4/6 + 2*r**3/3 - 5*r**2. Let d be m(-1). Suppose 51 = z - d. Is z a prime number?
True
Let x(c) = 3*c**3 - 6*c**2 + 5*c. Let i be x(6). Let t be ((-2)/16)/(37/(-644984)). Let s = t - i. Is s a composite number?
True
Suppose 0 = 6*c - 9 + 3. Let z be 90/12 + c/2. Suppose -6260 = -z*w + 4*w. Is w a composite number?
True
Is 4/(-10) - (-201895458)/370 a prime number?
True
Let d(g) = -2*g + 8. Let j be d(3). Let y(a) = -6*a + 2 + 4 + 4*a**j + 3*a**3 - 6*a**2. Is y(7) a composite number?
True
Let j(b) = 3*b**3 - 69*b**2 - 27*b - 191. Is j(38) composite?
True
Let g(d) = -1018*d - 1077. Is g(-73) composite?
False
Let r = -149 + 377. Suppose 2*j + r = 8*j. Suppose 0 = j*o - 33*o - 655. Is o a prime number?
True
Let q(a) = -a + 2. Let m be q(-2). Suppose -m*w = -r + 8903, -7*w + 8918 = r - 8*w. Is r prime?
True
Suppose -5*v = -30 + 10. Let t be 3/(-12) + 11509/v. Suppose -4*n = -n - t. Is n a composite number?
True
Let f(u) = 2*u**2 + 19*u - 4. Let p be f(-22). Suppose -7*k + p = 7*k. Is k a prime number?
False
Suppose 41*k - 36*k = 15. Let i(x) = -k*x + 3*x**2 - 9*x - 8*x + 7. Is i(7) prime?
False
Let m(g) = 215*g**2 + 69*g + 11. Is m(-7) a prime number?
False
Is ((-879172)/28)/(-5 + 4) composite?
True
Let z(t) = t**2 + 9*t + 5. Let d be z(-9). Suppose -2*q = -5*g - 5464, -4*q + 10872 = -g + d*g. Is q a prime number?
False
Let o(l) = -49*l - 28. Let k be o(1). Let p = k - -2598. Is p composite?
False
Let q = 261288 + -147961. Is q a composite number?
False
Suppose 5*s - 134 = 476. Let h be ((-10)/10)/(3/(-201)). Let f = s - h. Is f prime?
False
Is (34 - 175)*(-15223)/39 a composite number?
True
Let k = 1057452 - 357725. Is k prime?
False
Let z = -35 + -14. Let m = z + 48. Is -2 - m/(2/1086) composite?
False
Is (118358/(-161))/((-4)/7)*2 composite?
True
Is 2*((-13143519)/(-126) - (-1)/(-7)) a prime number?
True
Let t = 17599 + -10124. Suppose -2*b = -4*m + 7454, -4*m + t = -b + 6*b. Is m prime?
False
Suppose -35*b + 1471283 - 697064 = -943616. Is b a composite number?
False
Let d(a) = 5*a - 4. Let o be d(-6). Let i be 2/17 + (-404)/o. Suppose -15*t + 174 = -i*t. Is t a prime number?
False
Let l(k) = 6*k**3 + 50*k**2 + 40*k - 29. Let m(p) = -p**3 + p**2 - p - 2. Let i(c) = l(c) + 4*m(c). Is i(-26) a composite number?
False
Let u(i) = 69495*i + 884. Is u(9) prime?
False
Suppose -3*r + 48 = -0*r. Let x(b) = b**3 - 17*b**2 + 18*b - 29. Let w be x(r). Suppose 0 = -w*v - v - 12, -2*s - v + 583 = 0. Is s a composite number?
False
Let c(w) = 35*w**3 + 4*w**2 + 2*w - 8. Let y(a) = -104*a**3 - 13*a**2 - 6*a + 23. Let j(v) = 17*c(v) + 6*y(v). Is j(-4) a composite number?
True
Let n be (1 - -29)/6 + 6. Let l = -8032 + 18360. Suppose 19*c = n*c + l. Is c prime?
True
Let u = 108609 - 58756. Is u prime?
True
Let s(k) = 3*k**2 + 6*k + 1. Let u be 0 + (-10 - -1)/3. Let l be s(u). Let j(q) = q**3 - 6*q**2 - 15*q + 3. Is j(l) a composite 